by z.
7
Let h(k) = k**2 + 30*k + 80. What is the remainder when 35 is divided by h(-28)?
11
Let k = -1174 - -1244. What is the remainder when k is divided by 8?
6
What is the remainder when 154 + (5 - (10 - 10)) is divided by 60?
39
Let q = 1091 - 1071. Calculate the remainder when 82 is divided by q.
2
Let s(j) = -19*j + 590. Let f(i) = -i**3 - 4*i**2 - 4*i - 3. Let x be f(-3). Suppose x*c + 5*c - 105 = 0. What is the remainder when s(29) is divided by c?
18
Let h = 103 + -77. Suppose -4*j = -j - 3*u - 15, 0 = u - 4. Calculate the remainder when h is divided by j.
8
Let q(z) = -z + 7. Let j(v) = v**2 + 2*v + 1. Let f be j(-3). Calculate the remainder when 3*(8 + 26/(-6)) is divided by q(f).
2
Suppose 4*q = 32 - 12. What is the remainder when 19 is divided by q?
4
Suppose -1 = 21*g - 20*g. Suppose 5*x = i + 20, -4*x + 16 = i + 3*i. What is the remainder when 9 is divided by 1 - (g + -3 + i)?
4
Let f(k) = -26*k - 17. What is the remainder when 695 is divided by f(-4)?
86
Suppose 94 = 4*p + c - 2, 12 = 3*c. Suppose 18 + 22 = 5*n. What is the remainder when p is divided by n?
7
Let g(d) = 2*d**2 - 8*d + 7. What is the remainder when 115 is divided by g(6)?
22
Let l = 16 - 7. Let i(r) = -4*r + 60. Suppose -w + 13 = j, 4*w = 3*j - 15 - 3. Calculate the remainder when i(j) is divided by l.
2
Suppose g + t + 4*t = 9, g = -4*t + 7. Let v(a) = -3*a - 1. What is the remainder when v(-5) is divided by (-3 + -7)*g/2?
4
Let o(g) = 32*g - 7. Let n be o(4). Suppose 0 = -5*y - 41 + n. Calculate the remainder when 61 is divided by y.
13
Suppose -105 = 53*t - 58*t. What is the remainder when 82 is divided by t?
19
Suppose 2850 = 78*r - 21*r. What is the remainder when 114 is divided by r?
14
Suppose 0 = -9*i - 172 + 568. What is the remainder when 217 is divided by i?
41
Let p be (2/(-4) - -2)*2. Suppose r = 5*a - 23, 4*r - 6 + 18 = 4*a. Suppose 24 = p*l - a*x - 42, 15 = 5*x. What is the remainder when 106 is divided by l?
25
Let b(j) = -47*j - 1. What is the remainder when b(-1) is divided by (-12)/30 + 156/15 + 2?
10
Calculate the remainder when 107 is divided by (20/6 + -3)*-18 + 33.
26
Let w = -21 + 23. Let z(a) = -3*a**3 + 6*a**3 + a - 4*a**2 - 6 - 4*a**3 + a**w. Calculate the remainder when 20 is divided by z(-4).
2
Suppose -4*w = -8*w + 120. Suppose 4*t = -3*j + w + 34, -t + 3*j = -16. Calculate the remainder when t is divided by (-85 - -86)/(1/9).
7
Suppose -2*x - g + 40 = 3*x, 0 = -x - g + 12. Suppose -3*t - 736 = -x*t. Let h = t - 130. What is the remainder when h is divided by 14?
12
Suppose 0 = 4*x + 4*k + 26 - 6, -k + 3 = 0. Let r = 28 - x. Calculate the remainder when r is divided by 15.
6
Suppose 5*l = 22 + 3. Suppose 4*m + 22 = l*m. Suppose m + 7 = x. Calculate the remainder when 55 is divided by x.
26
Let q(z) = z**2 - 23*z + 143. Calculate the remainder when q(17) is divided by 11.
8
Let n(v) = v + v**2 - 3*v**2 - 2 + 18 - 5. Let f be n(0). Suppose f*k - 39 = 8*k. What is the remainder when 63 is divided by k?
11
Let h = -1721 + 2951. Calculate the remainder when h is divided by 77.
75
Suppose 48*v = 64*v - 448. What is the remainder when v is divided by 19?
9
Suppose -z + 2 = 2*r, -4*r + 17 = 3*z + 1. Suppose 5*m = m + 124. Calculate the remainder when m is divided by z.
7
Suppose -3*k + 4*k - 20 = -4*m, 0 = -4*k - 2*m + 80. Suppose -i - 8 + 105 = 0. What is the remainder when i is divided by k?
17
Suppose -5*f + 2*m + 935 = -73, 4*m = -f + 206. What is the remainder when f is divided by 34?
32
What is the remainder when 233 is divided by 7 + ((-9)/(-3) - 5) - -34?
38
Suppose -2*v - 10 = 0, -2*u = -10*v + 12*v - 454. What is the remainder when u is divided by 17?
11
Suppose -3*b = 0, -2*j - j - b + 186 = 0. Calculate the remainder when 989 is divided by j.
59
Suppose -10*z = -1338 - 152. What is the remainder when z is divided by 38?
35
Let p = -5 - -2. Let j = 46 - p. Let c = j + 0. Calculate the remainder when c is divided by 13.
10
Suppose 0 = 3*b - 6, 5*g - 7*b = -2*b + 90. Let n(l) = -l**2 + 19*l - 26. Let j = 26 - 14. What is the remainder when n(j) is divided by g?
18
Let n be 66/24*(2 - -26). Let j = n - -51. What is the remainder when j is divided by 33?
29
Let b = 1099 - 772. Calculate the remainder when b is divided by 84.
75
Suppose -3*z = 29 - 173. Let l = -35 + z. Calculate the remainder when 64 is divided by l.
12
Let c = 11 - 6. Suppose 0*d + 4*d = 0. Suppose -2*p + d*z = 3*z - 24, -5*p - 5*z = -55. What is the remainder when p is divided by c?
4
Suppose 0 = -1067*v + 1066*v + 8. Calculate the remainder when 12 is divided by v.
4
Let y(o) = o**3 + o**2 - 3*o - 1. Let b be y(4). Suppose -h + 2*h - b = 0. Let n = -1928 + 1942. What is the remainder when h is divided by n?
11
Let y = 24 - 40. Let k(a) = a**2 + 12*a - 28. Calculate the remainder when 141 is divided by k(y).
33
Suppose 2*v - 38 = 4*m, 0 = 2*v + 2*m - 2 - 18. Suppose -14 = -5*i - 4. Suppose i*s = 80 - 4. Calculate the remainder when s is divided by v.
12
Suppose -2*y - 59 = -155. Calculate the remainder when y is divided by 3.
0
Let k(o) = o**3 - o**2 + 3. Let s be k(0). Suppose -3*h - 33 = -3*x, 0*x - s*h = -x + 15. Suppose -p = 4 - x. What is the remainder when 22 is divided by p?
2
Let y(x) = x**3 + x + 24. Let w be y(0). Suppose 3*o + o = -4*t, 0 = 3*t - 5*o - w. Calculate the remainder when 9 is divided by t.
0
Let j = 50 + -45. What is the remainder when (j/15)/(1/63) - -3 is divided by 7?
3
Suppose 33 = 5*j - 92. Calculate the remainder when 73 is divided by j.
23
Suppose -3*x + 4*x = 113. Let j be x - -2 - (-3 - 0). Suppose 169 = 3*q + 5*h, -h + j = 2*q + h. Calculate the remainder when q is divided by 22.
19
Let u(n) = -n**2 + 2*n + 8. Let z be u(4). Suppose o + z*o - 102 = 0. Suppose 4*a - v - o = v, -5*v = -2*a + 55. What is the remainder when 72 is divided by a?
22
Suppose 5*l = -5*s + 60, 3*l + 66 = 5*s + 14. Let j = -26 + 112. Suppose -2*w + 2*v = -j, v = 5*w + 2*v - 197. What is the remainder when w is divided by s?
7
Let o = -1449 - -1497. Calculate the remainder when 3502 is divided by o.
46
Let q(a) = 4*a - 1. Let g = 53 - 43. What is the remainder when q(7) is divided by g?
7
Suppose -5*x = -3*s + 33, 1 = x + 3*s + 4. Calculate the remainder when (41/(-2))/((-1)/2) is divided by (1 + 2/x)*(-66)/(-4).
8
Calculate the remainder when 152 is divided by 33/2 - 44/88.
8
Let i(r) = -r**2 - 20*r + 198. What is the remainder when i(-26) is divided by 21?
0
Let l = 364 - 336. Let b be ((-9)/(-6))/(2/(-32)). Let i = b + l. Calculate the remainder when 12 is divided by i.
0
Calculate the remainder when 5 + -926*9/(-18) is divided by 122.
102
Calculate the remainder when 139 is divided by 1/(3/27) - -12.
13
Suppose 0*q - 4*q = -24. Let z = 294 - 273. Calculate the remainder when z is divided by q.
3
Suppose 0 = -4*x - 38 + 2. Let w(m) = -m**3 - 8*m**2 + 9*m - 5. Let a be w(x). What is the remainder when (-4)/6*90/a is divided by 3?
0
Let a be (-12)/3 - (-9 - -1). Suppose 6*f - 20 = a*f. Calculate the remainder when (16/f)/(-1)*-45 is divided by 15.
12
Let f(m) = -m**2 + 7*m - 14. Let n be f(5). Let o = n - -8. Suppose -2*j - o*j = -186. What is the remainder when 92 is divided by j?
30
Let n be (18/10 + 1)*-5. Let t(f) = -8906*f - 22 + 4449*f + 4453*f. What is the remainder when 67 is divided by t(n)?
33
Let f(k) = k**2 + 48*k + 547. What is the remainder when f(-14) is divided by 9?
8
Suppose -5*k + 0*l - 4*l + 98 = 0, 3*k - 4*l - 46 = 0. What is the remainder when 267*(-2 - 7/(-3)) is divided by k?
17
Let b = 99 + -89. Let r be 62/3 - 1/(-3). Let j = b + r. Calculate the remainder when j is divided by 8.
7
Let p(v) = -v - 2. Let d = 7 + -8. Let j be p(d). Calculate the remainder when 2/(-2)*(j - 32) is divided by 9.
6
Suppose 39*t + 620 = 43*t. What is the remainder when t is divided by 42?
29
Suppose 0 = 2*b - 0*b - 20. Let i(g) = -g**2 + 7*g + 14. Let l be i(b). Let k = l - -38. What is the remainder when k is divided by 12?
10
Suppose q + q - 44 = 0. Let v(c) = -c**3 + 7*c**2 + 8*c - 2. Let s be v(8). Let k(p) = -2*p + 4. Calculate the remainder when q is divided by k(s).
6
Let g = -188 - -211. Calculate the remainder when 54 is divided by g.
8
Suppose 5*u - 3*j = 0, 8 = -0*u - u - j. What is the remainder when (7/u)/((-4)/12) is divided by 1 + (4 - 